d by 64.
61
Let w = -43 + 48. Suppose 3*o - 71 + w = 0. Let h = 2 + 83. Calculate the remainder when h is divided by o.
19
Let c(o) = -o**3 + o**2 + o + 3. Let b = -723 + 731. Calculate the remainder when b is divided by c(0).
2
Let y = 8 + -6. Suppose -4*p - 4*c = -80, -5*p - y*c + 145 - 57 = 0. Calculate the remainder when 31 is divided by p.
15
Let a = -216 - -261. Suppose 0 = -2*p - 10 + 58. What is the remainder when a is divided by p?
21
Suppose -10*b - z + 37 = -6*b, -4*z - 32 = -4*b. What is the remainder when 66 is divided by b?
3
Let h be -1 + (162/2)/3. Let r = 55 - h. What is the remainder when r is divided by 8?
5
Suppose -w - 4*j = -37 + 7, 0 = -5*w + 4*j + 30. Suppose i = -4*s - 1 - 5, 5*i = -10. What is the remainder when 8/(-3 + s) - -20 is divided by w?
8
Let v(q) = 7*q - 206. What is the remainder when 34 is divided by v(33)?
9
Suppose -115 = -7*y + 263. Let a = y + -47. Let c(o) = 10*o**2 + 1. What is the remainder when c(1) is divided by a?
4
Let i(h) be the first derivative of -h**4/2 - 2*h**3/3 + h**2/2 + h - 11. Calculate the remainder when 38 is divided by i(-2).
3
Suppose -k = w - 197, -w = -3*w + 5*k + 415. Calculate the remainder when w is divided by 35.
25
Suppose 3*d = -2*w + 157 - 42, -2*d - 10 = 0. What is the remainder when 193 is divided by w?
63
Let o = -218 - -263. What is the remainder when 133 is divided by o?
43
Suppose -13*z + 84 = -176. Suppose 0 = -4*n - 0*n - z, 0 = -t + 3*n + 23. Calculate the remainder when 44 is divided by t.
4
Suppose 56*i - 284 = 276. What is the remainder when 19 is divided by i?
9
Suppose -5*s = -26 - 14. Calculate the remainder when -5*6/(-30)*24 is divided by s.
0
What is the remainder when 809 is divided by (-4*2/(-8))/(6/168)?
25
Suppose 0 = -3*j - 2*w + 57, -4*j + 4*w + 21 = -55. What is the remainder when 4/(4/109) + 2 is divided by j?
16
Let g = 120 - 102. Calculate the remainder when g is divided by 4.
2
Let t = -11 - -38. Suppose -56 = -4*l + 44. Suppose 4*u = -5*x + 38, -x + 5*u = -0*u - l. Calculate the remainder when t is divided by x.
7
Suppose 0 = -4*y + 4*w + 1624, -20*y = -17*y + 2*w - 1208. Calculate the remainder when y is divided by 102.
98
Calculate the remainder when (-2 - 0)/(9/(-450)) - -7 is divided by 16.
11
Let l = 7 - 5. Suppose 4*x = -8 + 20, -l*r = x - 11. Suppose -3*s + 61 = -r*i, 22 - 143 = -5*s - 3*i. What is the remainder when 68 is divided by s?
22
Let m(j) = -83*j + 214. Calculate the remainder when m(-47) is divided by 179.
177
Suppose -2*w - 2*o = -6, 7*w + 15 = 2*w + o. Let j = 0 - -2. Calculate the remainder when (-12 + j)*9/w is divided by 12.
9
Suppose 31*c - 28153 = 19184. Calculate the remainder when c is divided by 15.
12
Let j = -1702 - -1777. What is the remainder when 446 is divided by j?
71
Suppose 0*t = -9*t + 18. What is the remainder when 69/t*(-3 - 33/(-9)) is divided by 102/9 - 4/(-6)?
11
Let v(t) = -t**3 + 13*t**2 + 13*t + 7. What is the remainder when v(12) is divided by 52?
47
Suppose 3*s - 2*s + 5*c = -14, 3*s + 2 = 5*c. What is the remainder when s/22 + (-1944)/(-44) is divided by 12?
8
What is the remainder when 34 is divided by -1 + (-10)/(-7) - (-424)/56?
2
Let d be (-3)/(-6) - 69/(-6). Suppose 0 = w - 2*w + d. Calculate the remainder when (-4)/10 - (-784)/35 is divided by w.
10
Calculate the remainder when 103 is divided by 150/15 - (-5 - 48/(-4)).
1
Let z = 1205 - 1158. What is the remainder when 150 is divided by z?
9
Let g(r) = 7*r + 47. Let j be g(-6). Suppose -a = -4*z + 15, a + z = j*a - 15. What is the remainder when 18 is divided by a?
3
Suppose 2509*k - 2515*k + 522 = 0. What is the remainder when k is divided by 23?
18
Let a = -2 + 1. Calculate the remainder when (-17 + a)*(-3)/2 is divided by 7.
6
Suppose 21*y - 1041 = 4314. Calculate the remainder when y is divided by 65.
60
Let j = -61 - -8. Let c = j + 65. Calculate the remainder when 58 is divided by c.
10
Let g = -402 - -423. Calculate the remainder when 26 is divided by g.
5
Suppose -3*x + 3*y + 45 = 0, y + 17 + 17 = 2*x. Suppose -385 = -5*o - 4*s, 0 = -3*o - o + 5*s + 267. Calculate the remainder when o is divided by x.
16
Let w(n) = n**3 - 7*n**2 + 6*n - 6. Let b be w(6). What is the remainder when 32 is divided by (-1311)/(-152) + b/(-16)?
5
Suppose a - 3*z - 8 = 0, 0 = 5*a - 2*z - 7 - 59. Suppose -16 = 2*d + a. Let i = d + 43. Calculate the remainder when 82 is divided by i.
26
Let w = 21 - 4. Let p = 23 + w. Let n = 68 + -47. What is the remainder when p is divided by n?
19
Let s be (-7)/(-2)*(-216)/(-126). Suppose -4*d - 3*l + 23 = -s*d, 3*d - 4*l + 32 = 0. Calculate the remainder when (-5712)/(-80) + d/10 is divided by 15.
11
Suppose -2*j = v - 23, 5*v + 2*j = -3*j + 135. What is the remainder when v is divided by 21?
10
Let j(y) = y**3 + 20*y**2 - 18*y + 73. What is the remainder when 50 is divided by j(-21)?
0
Let d = -273 + 383. What is the remainder when d is divided by (-1)/3*(-2 + -109)?
36
Let s be (7 + -7)/(6/(-2)). Suppose s = 25*a - 20*a - 40. What is the remainder when 53 is divided by a?
5
Let b(f) = 6*f**2 + f + 22. Suppose 5*t = -5, -4*g = -2*t - 2*t - 160. Calculate the remainder when g is divided by b(0).
17
Let i = -924 - -937. Calculate the remainder when 64 is divided by i.
12
Let x(i) = -i**2 + 14*i - 25. Let m be -3 + 1 - (-13 + 1). What is the remainder when 57 is divided by x(m)?
12
Let p be ((-12)/(-2))/(1/58). Let u = 1400 + -1383. Calculate the remainder when p/7 + (-2)/(-7) is divided by u.
16
Let x(v) = 18*v - 256. What is the remainder when x(16) is divided by 17?
15
Let u(w) = -5*w + 421. What is the remainder when u(39) is divided by 54?
10
Suppose -5*j = -3*j + 5*p - 25, 4*j - 2*p = 110. Let n = j - 21. Calculate the remainder when n is divided by 6/(-15) - 110/(-25).
0
Let t = 1718 - 1650. Let y = -16 + 52. What is the remainder when t is divided by y?
32
Suppose -r = 2*p - 4, 5*p + r - 13 = -0*p. Suppose -223 = -p*g - 13. Calculate the remainder when g is divided by 12.
10
Calculate the remainder when (-1592)/6*27/(-36) is divided by 106.
93
Suppose -r + 6*r = 55. Suppose -637*f = -633*f - 208. Calculate the remainder when f is divided by r.
8
Let q = 23 + -26. What is the remainder when (-1 + (q - 23))*-1 is divided by 6?
3
Let d(r) = r**3 + 26*r**2 + 37. What is the remainder when 141 is divided by d(-26)?
30
Let j = -293 + 308. Suppose -2*o + 264 = -2*u, 660 = 5*o + 2*u - u. Calculate the remainder when o is divided by j.
12
Let z = 30 + -25. Suppose z*m = t + 32, -4*m - t = -12 - 19. Calculate the remainder when 17 is divided by m.
3
Let l be (1 - 6)*((-270)/25 + 2). Let t = l - 27. What is the remainder when 48 is divided by t?
14
Let f(o) = 5*o**3 - 3. Let m be f(3). Suppose -5*j + 3*p = -m, 3*j - 5*p + 18 = 94. Calculate the remainder when j is divided by 6.
3
Let b(v) = -19 + 2 - 8 - 4*v. What is the remainder when 4 is divided by b(-7)?
1
Let r = 118 + -63. Let u = 630 + -524. What is the remainder when u is divided by r?
51
Suppose -32 = -5*g + 4*g. What is the remainder when g is divided by (-1)/(24/(-90)*-5)*-12?
5
Let r(a) = 2*a**3 - a**2 - 4*a + 25. What is the remainder when r(3) is divided by 13?
6
Let h(i) = i**3 + 3*i**2 - 4*i - 3. Let r = -9 - -7. Calculate the remainder when h(3) is divided by r/14 + 282/14.
19
Let a(i) = 4*i**3 - 2*i**2 - 3*i + 2. Let l be a(2). Let c = l + -1. Calculate the remainder when 37 is divided by c.
18
Suppose -3*y = -5*i + 2*y + 120, y + 45 = 2*i. Suppose -478 + 68 = -5*o + b, -5*b - 224 = -3*o. What is the remainder when o is divided by i?
20
Suppose 108*s - 95*s = 39. What is the remainder when 304 is divided by s?
1
Suppose 0 = 5*i + 18 - 153. Calculate the remainder when ((-21)/4)/(39/2288*-4) is divided by i.
23
Suppose 7*f - 541 - 33 = 0. Suppose 0 = 13*y - 11*y - f. What is the remainder when y is divided by 9?
5
Suppose 0*n - 4*n = -p + 7, -5*p + 4*n = -51. Suppose -2 = -g - g. Let w = p - g. What is the remainder when w is divided by 4?
2
Let t(x) = 2*x**3 + 2*x - 1. Suppose 0 = s + 7 - 10. Suppose 4*u - s*d = 1, 4*u - 2*d - 6 = -0*d. Calculate the remainder when u is divided by t(1).
1
What is the remainder when 445 is divided by 47 - 1 - (48 - 43)?
35
Let m(i) = -i**2 - 13*i - 5. What is the remainder when 129 is divided by m(-11)?
10
Let q(c) = 